{"id":1521,"date":"2025-10-14T17:57:46","date_gmt":"2025-10-14T22:57:46","guid":{"rendered":"https:\/\/bloqueb.com\/?post_type=product&#038;p=1521"},"modified":"2026-03-12T13:27:25","modified_gmt":"2026-03-12T18:27:25","slug":"apartamento-77","status":"publish","type":"product","link":"https:\/\/bloqueb.com\/index.php\/producto\/apartamento-77\/","title":{"rendered":"Apartamento 77"},"content":{"rendered":"<p data-start=\"200\" data-end=\"822\">En este apartamento se conserva su esencia original, pero se transforma por completo con un dise\u00f1o moderno y funcional. Desde el comedor o el hall de acceso se llega a una amplio cocina cerrada que se renueva con una elegante carpinter\u00eda, nuevos electrodom\u00e9sticos y una iluminaci\u00f3n dispuesta en nichos que le aporta car\u00e1cter y sofisticaci\u00f3n. En la sala, la nueva chimenea se convierte en el coraz\u00f3n del espacio, acompa\u00f1ada de una iluminaci\u00f3n cuidadosamente dise\u00f1ada para resaltar su amplitud y calidez.<\/p>\n<p data-start=\"824\" data-end=\"1309\">Cada detalle fue pensado para elevar la experiencia de habitar. Los ba\u00f1os fueron modernizados con muebles amplios, lavamanos elegantes y espejos con luz LED que amplifican la sensaci\u00f3n de confort. La nueva carpinter\u00eda de puertas y closets aporta funcionalidad y coherencia est\u00e9tica, integrando todo el apartamento en una atm\u00f3sfera de equilibrio, estilo y bienestar. Una remodelaci\u00f3n que demuestra c\u00f3mo renovar sin perder la esencia puede transformar por completo la forma de vivir.<\/p>\n<p><strong>Ficha T\u00e9cnica:<br \/>\n<\/strong>Edificio Diditica<br \/>\n<strong>Ubicaci\u00f3n:<\/strong> Bogot\u00e1 \u2013 Colombia<br \/>\n<strong>\u00c1rea: <\/strong>262 m2<br \/>\n<strong>A\u00f1o: <\/strong>2020<br \/>\n<strong>Tiempo: <\/strong>4 Meses<br \/>\n<strong>Descripci\u00f3n:<\/strong> Dise\u00f1o Arquitect\u00f3nico, Dise\u00f1o de Interiores, Presupuesto y Construcci\u00f3n<\/p>\n","protected":false},"excerpt":{"rendered":"<p>En este apartamento se conserva su esencia original, pero se transforma por completo con un dise\u00f1o moderno y funcional. Desde el comedor o el hall de acceso se llega a una amplio cocina cerrada que se renueva con una elegante carpinter\u00eda, nuevos electrodom\u00e9sticos y una iluminaci\u00f3n dispuesta en nichos que le aporta car\u00e1cter y sofisticaci\u00f3n. [&#8230;]\n","protected":false},"featured_media":1535,"template":"","meta":{"_acf_changed":false,"h5ap_radio_sources":[],"_joinchat":[]},"product_brand":[],"product_cat":[17,29,34,22],"product_tag":[],"class_list":{"0":"post-1521","1":"product","2":"type-product","3":"status-publish","4":"has-post-thumbnail","6":"product_cat-apartamentos","7":"product_cat-colombia","8":"product_cat-colombia-inicio","9":"product_cat-residencial","11":"first","12":"instock","13":"shipping-taxable","14":"product-type-simple"},"acf":[],"_links":{"self":[{"href":"https:\/\/bloqueb.com\/index.php\/wp-json\/wp\/v2\/product\/1521","targetHints":{"allow":["GET"]}}],"collection":[{"href":"https:\/\/bloqueb.com\/index.php\/wp-json\/wp\/v2\/product"}],"about":[{"href":"https:\/\/bloqueb.com\/index.php\/wp-json\/wp\/v2\/types\/product"}],"wp:featuredmedia":[{"embeddable":true,"href":"https:\/\/bloqueb.com\/index.php\/wp-json\/wp\/v2\/media\/1535"}],"wp:attachment":[{"href":"https:\/\/bloqueb.com\/index.php\/wp-json\/wp\/v2\/media?parent=1521"}],"wp:term":[{"taxonomy":"product_brand","embeddable":true,"href":"https:\/\/bloqueb.com\/index.php\/wp-json\/wp\/v2\/product_brand?post=1521"},{"taxonomy":"product_cat","embeddable":true,"href":"https:\/\/bloqueb.com\/index.php\/wp-json\/wp\/v2\/product_cat?post=1521"},{"taxonomy":"product_tag","embeddable":true,"href":"https:\/\/bloqueb.com\/index.php\/wp-json\/wp\/v2\/product_tag?post=1521"}],"curies":[{"name":"wp","href":"https:\/\/api.w.org\/{rel}","templated":true}]}}