{"id":1578,"date":"2026-02-04T15:12:54","date_gmt":"2026-02-04T20:12:54","guid":{"rendered":"https:\/\/bloqueb.com\/?post_type=product&#038;p=1578"},"modified":"2026-03-12T13:26:42","modified_gmt":"2026-03-12T18:26:42","slug":"apartamento-128","status":"publish","type":"product","link":"https:\/\/bloqueb.com\/index.php\/producto\/apartamento-128\/","title":{"rendered":"Apartamento 128"},"content":{"rendered":"<p data-start=\"138\" data-end=\"681\">Este apartamento demuestra que el buen dise\u00f1o transforma por completo los espacios peque\u00f1os. La cocina se abri\u00f3 e integr\u00f3 a la sala, generando una sensaci\u00f3n de amplitud y fluidez que potencia la vida social. Su carpinter\u00eda, iluminaci\u00f3n y electrodom\u00e9sticos fueron completamente renovados, mientras que el cuarto de ropas se dise\u00f1\u00f3 de forma independiente con una puerta en vidrio, aportando claridad y un estilo moderno sin interferir visualmente con la cocina y cada decisi\u00f3n estuvo enfocada en aprovechar al m\u00e1ximo cada metro cuadrado.<\/p>\n<p data-start=\"683\" data-end=\"1238\" data-is-last-node=\"\" data-is-only-node=\"\">La funcionalidad se llev\u00f3 al siguiente nivel al integrar la lavadora dentro del ba\u00f1o, liberando la visual del \u00e1rea social, y al suavizar los espacios con esquinas redondeadas que hacen el apartamento m\u00e1s amable y c\u00f3modo de recorrer. El ba\u00f1o fue renovado por completo y la carpinter\u00eda de puertas y closets se redise\u00f1\u00f3 para ofrecer mayor orden y practicidad. Este proyecto confirma que, con una remodelaci\u00f3n inteligente, incluso los espacios m\u00e1s peque\u00f1os pueden convertirse en grandes lugares para vivir.<\/p>\n<p><strong>Ficha T\u00e9cnica:<br \/>\n<\/strong>Edificio Prados del Country<br \/>\n<strong>Ubicaci\u00f3n:<\/strong> Bogot\u00e1 \u2013 Colombia<br \/>\n<strong>\u00c1rea: <\/strong>33\u00a0m2<br \/>\n<strong>A\u00f1o:<\/strong> 2021<br \/>\n<strong>Tiempo:\u00a0<\/strong>2 meses<br \/>\n<strong>Descripci\u00f3n:<\/strong> Dise\u00f1o Arquitect\u00f3nico, Dise\u00f1o de Interiores, Presupuesto y Construcci\u00f3n<\/p>\n","protected":false},"excerpt":{"rendered":"<p>Este apartamento demuestra que el buen dise\u00f1o transforma por completo los espacios peque\u00f1os. La cocina se abri\u00f3 e integr\u00f3 a la sala, generando una sensaci\u00f3n de amplitud y fluidez que potencia la vida social. Su carpinter\u00eda, iluminaci\u00f3n y electrodom\u00e9sticos fueron completamente renovados, mientras que el cuarto de ropas se dise\u00f1\u00f3 de forma independiente con una [&#8230;]\n","protected":false},"featured_media":1586,"template":"","meta":{"_acf_changed":false,"h5ap_radio_sources":[],"_joinchat":[]},"product_brand":[],"product_cat":[17,29,34,22],"product_tag":[],"class_list":{"0":"post-1578","1":"product","2":"type-product","3":"status-publish","4":"has-post-thumbnail","6":"product_cat-apartamentos","7":"product_cat-colombia","8":"product_cat-colombia-inicio","9":"product_cat-residencial","11":"first","12":"instock","13":"shipping-taxable","14":"product-type-simple"},"acf":[],"_links":{"self":[{"href":"https:\/\/bloqueb.com\/index.php\/wp-json\/wp\/v2\/product\/1578","targetHints":{"allow":["GET"]}}],"collection":[{"href":"https:\/\/bloqueb.com\/index.php\/wp-json\/wp\/v2\/product"}],"about":[{"href":"https:\/\/bloqueb.com\/index.php\/wp-json\/wp\/v2\/types\/product"}],"wp:featuredmedia":[{"embeddable":true,"href":"https:\/\/bloqueb.com\/index.php\/wp-json\/wp\/v2\/media\/1586"}],"wp:attachment":[{"href":"https:\/\/bloqueb.com\/index.php\/wp-json\/wp\/v2\/media?parent=1578"}],"wp:term":[{"taxonomy":"product_brand","embeddable":true,"href":"https:\/\/bloqueb.com\/index.php\/wp-json\/wp\/v2\/product_brand?post=1578"},{"taxonomy":"product_cat","embeddable":true,"href":"https:\/\/bloqueb.com\/index.php\/wp-json\/wp\/v2\/product_cat?post=1578"},{"taxonomy":"product_tag","embeddable":true,"href":"https:\/\/bloqueb.com\/index.php\/wp-json\/wp\/v2\/product_tag?post=1578"}],"curies":[{"name":"wp","href":"https:\/\/api.w.org\/{rel}","templated":true}]}}