{"id":1600,"date":"2026-02-05T12:14:59","date_gmt":"2026-02-05T17:14:59","guid":{"rendered":"https:\/\/bloqueb.com\/?post_type=product&#038;p=1600"},"modified":"2026-03-12T13:20:11","modified_gmt":"2026-03-12T18:20:11","slug":"casa-chico","status":"publish","type":"product","link":"https:\/\/bloqueb.com\/index.php\/producto\/casa-chico\/","title":{"rendered":"Casa Chic\u00f3"},"content":{"rendered":"<p data-start=\"118\" data-end=\"693\">Esta casa de tres pisos fue transformada para aprovechar cada metro con inteligencia y dise\u00f1o. La cocina se renov\u00f3 con una carpinter\u00eda m\u00e1s amplia y funcional, mientras que la chimenea colgada a gas aporta un car\u00e1cter contempor\u00e1neo y liviano al \u00e1rea social. La sala se hizo m\u00e1s acogedora, incorporando nichos de iluminaci\u00f3n en el cielo raso que brindan una visual m\u00e1s c\u00f3moda y permiten integrar de forma discreta el sistema de sonido. Las escaleras, ahora en blanco con barandas en vidrio y pasamanos en madera, conectan los niveles con una sensaci\u00f3n de ligereza y modernidad.<\/p>\n<p data-start=\"695\" data-end=\"1260\" data-is-last-node=\"\" data-is-only-node=\"\">En los niveles privados, la remodelaci\u00f3n responde por completo a las necesidades del cliente: ba\u00f1os totalmente renovados, carpinter\u00eda de puertas y closets optimizada, y habitaciones del segundo piso modernizadas para mayor confort. En el tercer piso, el ba\u00f1o principal y el vestier se redise\u00f1aron para maximizar almacenamiento y comodidad, integrando lavamanos y ducha dobles en un espacio funcional y elegante. Un proyecto que demuestra c\u00f3mo una remodelaci\u00f3n bien pensada puede transformar la forma de vivir tu hogar.<\/p>\n<p><strong>Ficha T\u00e9cnica:<br \/>\n<\/strong>Conjunto Parque 95<br \/>\n<strong>Ubicaci\u00f3n:<\/strong> Bogot\u00e1 \u2013 Colombia<br \/>\n<strong>\u00c1rea: <\/strong>115 m2 y terrazas que suman 17 m2<br \/>\n<strong>A\u00f1o: <\/strong>2020<br \/>\n<strong>Tiempo: <\/strong>6\u00a0meses<br \/>\n<strong>Descripci\u00f3n:<\/strong> Dise\u00f1o Arquitect\u00f3nico, Dise\u00f1o de Interiores, Presupuesto y Construcci\u00f3n<\/p>\n","protected":false},"excerpt":{"rendered":"<p>Esta casa de tres pisos fue transformada para aprovechar cada metro con inteligencia y dise\u00f1o. La cocina se renov\u00f3 con una carpinter\u00eda m\u00e1s amplia y funcional, mientras que la chimenea colgada a gas aporta un car\u00e1cter contempor\u00e1neo y liviano al \u00e1rea social. La sala se hizo m\u00e1s acogedora, incorporando nichos de iluminaci\u00f3n en el cielo [&#8230;]\n","protected":false},"featured_media":1615,"template":"","meta":{"_acf_changed":false,"h5ap_radio_sources":[],"_joinchat":[]},"product_brand":[],"product_cat":[18,29,34,22],"product_tag":[],"class_list":{"0":"post-1600","1":"product","2":"type-product","3":"status-publish","4":"has-post-thumbnail","6":"product_cat-casas","7":"product_cat-colombia","8":"product_cat-colombia-inicio","9":"product_cat-residencial","11":"first","12":"instock","13":"shipping-taxable","14":"product-type-simple"},"acf":[],"_links":{"self":[{"href":"https:\/\/bloqueb.com\/index.php\/wp-json\/wp\/v2\/product\/1600","targetHints":{"allow":["GET"]}}],"collection":[{"href":"https:\/\/bloqueb.com\/index.php\/wp-json\/wp\/v2\/product"}],"about":[{"href":"https:\/\/bloqueb.com\/index.php\/wp-json\/wp\/v2\/types\/product"}],"wp:featuredmedia":[{"embeddable":true,"href":"https:\/\/bloqueb.com\/index.php\/wp-json\/wp\/v2\/media\/1615"}],"wp:attachment":[{"href":"https:\/\/bloqueb.com\/index.php\/wp-json\/wp\/v2\/media?parent=1600"}],"wp:term":[{"taxonomy":"product_brand","embeddable":true,"href":"https:\/\/bloqueb.com\/index.php\/wp-json\/wp\/v2\/product_brand?post=1600"},{"taxonomy":"product_cat","embeddable":true,"href":"https:\/\/bloqueb.com\/index.php\/wp-json\/wp\/v2\/product_cat?post=1600"},{"taxonomy":"product_tag","embeddable":true,"href":"https:\/\/bloqueb.com\/index.php\/wp-json\/wp\/v2\/product_tag?post=1600"}],"curies":[{"name":"wp","href":"https:\/\/api.w.org\/{rel}","templated":true}]}}