{"id":1865,"date":"2026-03-03T09:42:45","date_gmt":"2026-03-03T14:42:45","guid":{"rendered":"https:\/\/bloqueb.com\/?post_type=product&#038;p=1865"},"modified":"2026-04-21T14:42:51","modified_gmt":"2026-04-21T19:42:51","slug":"casa-rosales","status":"publish","type":"product","link":"https:\/\/bloqueb.com\/index.php\/producto\/casa-rosales\/","title":{"rendered":"Casa Rosales"},"content":{"rendered":"<p style=\"text-align: left;\" data-start=\"195\" data-end=\"717\">Construir desde cero es la oportunidad de crear un hogar que refleje tu estilo de vida en cada detalle. En esta vivienda observamos un acceso guiado por vegetaci\u00f3n que conduce a espacios integrados, amplios y llenos de luz natural. Sala, comedor y cocina se funden en un ambiente contempor\u00e1neo con rieles magn\u00e9ticos, iluminaci\u00f3n artesanal y una isla en palillaje azul que se convierte en protagonista. La conexi\u00f3n directa al jard\u00edn BBQ con terraza y chimenea exterior transforma cada reuni\u00f3n en una experiencia inolvidable.<\/p>\n<p data-start=\"719\" data-end=\"1148\">Un proyecto con intenci\u00f3n, dise\u00f1o y car\u00e1cter. La vivienda evoluciona con quienes la habitan: oficinas privadas, habitaciones personalizadas, ba\u00f1os con dise\u00f1o interior sofisticado y una terraza que integra gimnasio, zona BBQ y vegetaci\u00f3n perimetral. Los contrastes entre la materialidad expuesta \u2014palillaje en WPC, ladrillo artesanal, vidrio y ornamentaci\u00f3n\u2014 dialogan con la vegetaci\u00f3n para crear una composici\u00f3n equilibrada entre lo natural y lo contempor\u00e1neo, la combinaci\u00f3n de texturas, transparencias y tonos naturales refuerza la identidad del proyecto, aportando calidez, sofisticaci\u00f3n y una relaci\u00f3n arm\u00f3nica con el entorno. El equilibrio entre arquitectura, interiorismo y confort convierte esta construcci\u00f3n en un proyecto verdaderamente integral.<\/p>\n<p><strong>Ficha T\u00e9cnica:<br \/>\n<\/strong>Rosales<br \/>\n<strong>Ubicaci\u00f3n:<\/strong> Bogot\u00e1 \u2013 Colombia<br \/>\n<strong>\u00c1rea: <\/strong>505 m2 y jard\u00edn-terraza descubierta que suman 155 m2<br \/>\n<strong>A\u00f1o:\u00a0<\/strong>2025<br \/>\n<strong>Tiempo: <\/strong>36\u00a0meses<br \/>\n<strong>Descripci\u00f3n:<\/strong> Planeaci\u00f3n Arquitect\u00f3nica, Coordinaci\u00f3n de especialidades, Presupuesto, y Construcci\u00f3n<\/p>\n<div class=\"video video-fit mb\" style=\"padding-top:56.25%;\"><p><iframe loading=\"lazy\" title=\"Casa 74\" width=\"1020\" height=\"574\" src=\"https:\/\/www.youtube.com\/embed\/4vZ2j7jK-Uo?feature=oembed\" frameborder=\"0\" allow=\"accelerometer; autoplay; clipboard-write; encrypted-media; gyroscope; picture-in-picture; web-share\" referrerpolicy=\"strict-origin-when-cross-origin\" allowfullscreen><\/iframe><\/p>\n<\/div>\n","protected":false},"excerpt":{"rendered":"<p>Construir desde cero es la oportunidad de crear un hogar que refleje tu estilo de vida en cada detalle. En esta vivienda observamos un acceso guiado por vegetaci\u00f3n que conduce a espacios integrados, amplios y llenos de luz natural. Sala, comedor y cocina se funden en un ambiente contempor\u00e1neo con rieles magn\u00e9ticos, iluminaci\u00f3n artesanal y [&#8230;]\n","protected":false},"featured_media":2233,"template":"","meta":{"_acf_changed":false,"h5ap_radio_sources":[],"_joinchat":[]},"product_brand":[],"product_cat":[18,29,34,22],"product_tag":[],"class_list":{"0":"post-1865","1":"product","2":"type-product","3":"status-publish","4":"has-post-thumbnail","6":"product_cat-casas","7":"product_cat-colombia","8":"product_cat-colombia-inicio","9":"product_cat-residencial","11":"first","12":"instock","13":"featured","14":"shipping-taxable","15":"product-type-simple"},"acf":[],"_links":{"self":[{"href":"https:\/\/bloqueb.com\/index.php\/wp-json\/wp\/v2\/product\/1865","targetHints":{"allow":["GET"]}}],"collection":[{"href":"https:\/\/bloqueb.com\/index.php\/wp-json\/wp\/v2\/product"}],"about":[{"href":"https:\/\/bloqueb.com\/index.php\/wp-json\/wp\/v2\/types\/product"}],"wp:featuredmedia":[{"embeddable":true,"href":"https:\/\/bloqueb.com\/index.php\/wp-json\/wp\/v2\/media\/2233"}],"wp:attachment":[{"href":"https:\/\/bloqueb.com\/index.php\/wp-json\/wp\/v2\/media?parent=1865"}],"wp:term":[{"taxonomy":"product_brand","embeddable":true,"href":"https:\/\/bloqueb.com\/index.php\/wp-json\/wp\/v2\/product_brand?post=1865"},{"taxonomy":"product_cat","embeddable":true,"href":"https:\/\/bloqueb.com\/index.php\/wp-json\/wp\/v2\/product_cat?post=1865"},{"taxonomy":"product_tag","embeddable":true,"href":"https:\/\/bloqueb.com\/index.php\/wp-json\/wp\/v2\/product_tag?post=1865"}],"curies":[{"name":"wp","href":"https:\/\/api.w.org\/{rel}","templated":true}]}}