{"id":1886,"date":"2026-03-04T12:01:16","date_gmt":"2026-03-04T17:01:16","guid":{"rendered":"https:\/\/bloqueb.com\/?post_type=product&#038;p=1886"},"modified":"2026-03-27T13:50:10","modified_gmt":"2026-03-27T18:50:10","slug":"cancha-violeta-love-futbol","status":"publish","type":"product","link":"https:\/\/bloqueb.com\/index.php\/producto\/cancha-violeta-love-futbol\/","title":{"rendered":"Cancha Violeta Love F\u00fatbol"},"content":{"rendered":"<p data-start=\"1041\" data-end=\"1373\">Esta intervenci\u00f3n en San Pedro Xalostoc demuestra que la arquitectura deportiva puede ser sencilla, eficiente y transformadora. La nueva cancha multifuncional, dise\u00f1ada para f\u00fatbol y basquetbol, se complementa con un sistema de iluminaci\u00f3n mediante paneles solares y un cerramiento que garantiza seguridad y apropiaci\u00f3n del espacio.<\/p>\n<p data-start=\"1375\" data-end=\"1770\" data-is-last-node=\"\" data-is-only-node=\"\">El piso modular en propileno aporta resistencia, f\u00e1cil mantenimiento y alto rendimiento deportivo, mientras que la conservaci\u00f3n de la vegetaci\u00f3n existente mantiene el v\u00ednculo con el entorno. M\u00e1s que construir una cancha, creamos un escenario para el encuentro, la actividad f\u00edsica y el crecimiento colectivo. En este proyecto trabajamos de manera conjunta con otro contratista, encarg\u00e1ndonos de todo lo relacionado con la preparaci\u00f3n del terreno y la obra civil, para que posteriormente se realizara el acabado final de la cancha seg\u00fan el dise\u00f1o propuesto por el cliente.<\/p>\n<p><strong>Ficha T\u00e9cnica:<br \/>\n<\/strong>Cancha Violeta<br \/>\n<strong>Ubicaci\u00f3n: <\/strong>San Pedro Xalostoc\u00a0\u2013 M\u00e9xico<br \/>\n<strong>\u00c1rea:<\/strong> 306 m2<br \/>\n<strong>A\u00f1o:<\/strong> 2023<br \/>\n<strong>Tiempo:<\/strong> 2 Meses<br \/>\n<strong>Descripci\u00f3n: <\/strong>Gesti\u00f3n de obra, Preparaci\u00f3n de terreno y Construcci\u00f3n<\/p>\n","protected":false},"excerpt":{"rendered":"<p>Esta intervenci\u00f3n en San Pedro Xalostoc demuestra que la arquitectura deportiva puede ser sencilla, eficiente y transformadora. La nueva cancha multifuncional, dise\u00f1ada para f\u00fatbol y basquetbol, se complementa con un sistema de iluminaci\u00f3n mediante paneles solares y un cerramiento que garantiza seguridad y apropiaci\u00f3n del espacio. El piso modular en propileno aporta resistencia, f\u00e1cil mantenimiento [&#8230;]\n","protected":false},"featured_media":1964,"template":"","meta":{"_acf_changed":false,"h5ap_radio_sources":[],"_joinchat":[]},"product_brand":[],"product_cat":[30,35,33],"product_tag":[],"class_list":{"0":"post-1886","1":"product","2":"type-product","3":"status-publish","4":"has-post-thumbnail","6":"product_cat-mexico","7":"product_cat-mexico-inicio","8":"product_cat-recreacional-mexico","10":"first","11":"instock","12":"shipping-taxable","13":"product-type-simple"},"acf":[],"_links":{"self":[{"href":"https:\/\/bloqueb.com\/index.php\/wp-json\/wp\/v2\/product\/1886","targetHints":{"allow":["GET"]}}],"collection":[{"href":"https:\/\/bloqueb.com\/index.php\/wp-json\/wp\/v2\/product"}],"about":[{"href":"https:\/\/bloqueb.com\/index.php\/wp-json\/wp\/v2\/types\/product"}],"wp:featuredmedia":[{"embeddable":true,"href":"https:\/\/bloqueb.com\/index.php\/wp-json\/wp\/v2\/media\/1964"}],"wp:attachment":[{"href":"https:\/\/bloqueb.com\/index.php\/wp-json\/wp\/v2\/media?parent=1886"}],"wp:term":[{"taxonomy":"product_brand","embeddable":true,"href":"https:\/\/bloqueb.com\/index.php\/wp-json\/wp\/v2\/product_brand?post=1886"},{"taxonomy":"product_cat","embeddable":true,"href":"https:\/\/bloqueb.com\/index.php\/wp-json\/wp\/v2\/product_cat?post=1886"},{"taxonomy":"product_tag","embeddable":true,"href":"https:\/\/bloqueb.com\/index.php\/wp-json\/wp\/v2\/product_tag?post=1886"}],"curies":[{"name":"wp","href":"https:\/\/api.w.org\/{rel}","templated":true}]}}