{"id":1965,"date":"2026-03-06T09:05:32","date_gmt":"2026-03-06T14:05:32","guid":{"rendered":"https:\/\/bloqueb.com\/?post_type=product&#038;p=1965"},"modified":"2026-03-27T13:47:39","modified_gmt":"2026-03-27T18:47:39","slug":"apartamento-210","status":"publish","type":"product","link":"https:\/\/bloqueb.com\/index.php\/producto\/apartamento-210\/","title":{"rendered":"Departamento VPF"},"content":{"rendered":"<p data-start=\"149\" data-end=\"624\">En este apartamento el dise\u00f1o interior se convierte en una extensi\u00f3n del estilo de vida de sus habitantes. La sala se enriquece con una amplia biblioteca, muebles renovados con acabado cl\u00e1sico envejecido y una chimenea en microcemento que aporta calidez, car\u00e1cter y se convierte en el punto focal que conecta la sala con el resto del hogar. Los nichos iluminados en el cielo raso y el piso SPC generan una sensaci\u00f3n de amplitud y continuidad que transforma el ambiente en un espacio contempor\u00e1neo y acogedor.<\/p>\n<p data-start=\"626\" data-end=\"1070\">La cocina abierta, con barra comedor, estaci\u00f3n de caf\u00e9 y licorera, invita a compartir momentos cotidianos en un ambiente c\u00e1lido y moderno. La vivienda se complementa con espacios vers\u00e1tiles como un estudio con escritorio plegable, una sala de deportes con simulador de bicicleta y un amplio balc\u00f3n rodeado de vegetaci\u00f3n para disfrutar del exterior. Este proyecto fue dise\u00f1ado para transformar cada rinc\u00f3n en una experiencia de confort y estilo.<\/p>\n<p><strong>Ficha T\u00e9cnica:<\/strong><strong><br \/>\n<\/strong><strong style=\"font-size: 14.4px;\">Ubicaci\u00f3n:<\/strong><span style=\"font-size: 14.4px;\"> Ciudad de M\u00e9xico \u2013 M\u00e9xico<br \/>\n<\/span><strong style=\"font-size: 14.4px;\">\u00c1rea:<\/strong><span style=\"font-size: 14.4px;\"> 143 m2 y balc\u00f3n de 15 m2<br \/>\n<\/span><strong style=\"font-size: 14.4px;\">A\u00f1o:<\/strong><span style=\"font-size: 14.4px;\"> 2024<\/span><span style=\"font-size: 14.4px;\"><br \/>\n<\/span><strong style=\"font-size: 14.4px;\">Descripci\u00f3n:<\/strong><span style=\"font-size: 14.4px;\"> Dise\u00f1o arquitect\u00f3nico e Interiorismo<\/span><\/p>\n","protected":false},"excerpt":{"rendered":"<p>En este apartamento el dise\u00f1o interior se convierte en una extensi\u00f3n del estilo de vida de sus habitantes. La sala se enriquece con una amplia biblioteca, muebles renovados con acabado cl\u00e1sico envejecido y una chimenea en microcemento que aporta calidez, car\u00e1cter y se convierte en el punto focal que conecta la sala con el resto [&#8230;]\n","protected":false},"featured_media":1966,"template":"","meta":{"_acf_changed":false,"h5ap_radio_sources":[],"_joinchat":[]},"product_brand":[],"product_cat":[30,35,31],"product_tag":[],"class_list":{"0":"post-1965","1":"product","2":"type-product","3":"status-publish","4":"has-post-thumbnail","6":"product_cat-mexico","7":"product_cat-mexico-inicio","8":"product_cat-residencial-mexico","10":"first","11":"instock","12":"shipping-taxable","13":"product-type-simple"},"acf":[],"_links":{"self":[{"href":"https:\/\/bloqueb.com\/index.php\/wp-json\/wp\/v2\/product\/1965","targetHints":{"allow":["GET"]}}],"collection":[{"href":"https:\/\/bloqueb.com\/index.php\/wp-json\/wp\/v2\/product"}],"about":[{"href":"https:\/\/bloqueb.com\/index.php\/wp-json\/wp\/v2\/types\/product"}],"wp:featuredmedia":[{"embeddable":true,"href":"https:\/\/bloqueb.com\/index.php\/wp-json\/wp\/v2\/media\/1966"}],"wp:attachment":[{"href":"https:\/\/bloqueb.com\/index.php\/wp-json\/wp\/v2\/media?parent=1965"}],"wp:term":[{"taxonomy":"product_brand","embeddable":true,"href":"https:\/\/bloqueb.com\/index.php\/wp-json\/wp\/v2\/product_brand?post=1965"},{"taxonomy":"product_cat","embeddable":true,"href":"https:\/\/bloqueb.com\/index.php\/wp-json\/wp\/v2\/product_cat?post=1965"},{"taxonomy":"product_tag","embeddable":true,"href":"https:\/\/bloqueb.com\/index.php\/wp-json\/wp\/v2\/product_tag?post=1965"}],"curies":[{"name":"wp","href":"https:\/\/api.w.org\/{rel}","templated":true}]}}

<p data-start="149" data-end="624">En este apartamento el diseño interior se convierte en una extensión del estilo de vida de sus habitantes. La sala se enriquece con una amplia biblioteca, muebles renovados con acabado clásico envejecido y una chimenea en microcemento que aporta calidez, carácter y se convierte en el punto focal que conecta la sala con el resto del hogar. Los nichos iluminados en el cielo raso y el piso SPC generan una sensación de amplitud y continuidad que transforma el ambiente en un espacio contemporáneo y acogedor.</p>
<p data-start="626" data-end="1070">La cocina abierta, con barra comedor, estación de café y licorera, invita a compartir momentos cotidianos en un ambiente cálido y moderno. La vivienda se complementa con espacios versátiles como un estudio con escritorio plegable, una sala de deportes con simulador de bicicleta y un amplio balcón rodeado de vegetación para disfrutar del exterior. Este proyecto fue diseñado para transformar cada rincón en una experiencia de confort y estilo.</p>
<p><strong>Ficha Técnica:</strong><strong><br />
</strong><strong style="font-size: 14.4px;">Ubicación:</strong><span style="font-size: 14.4px;"> Ciudad de México – México<br />
</span><strong style="font-size: 14.4px;">Área:</strong><span style="font-size: 14.4px;"> 143 m2 y balcón de 15 m2<br />
</span><strong style="font-size: 14.4px;">Año:</strong><span style="font-size: 14.4px;"> 2024</span><span style="font-size: 14.4px;"><br />
</span><strong style="font-size: 14.4px;">Descripción:</strong><span style="font-size: 14.4px;"> Diseño arquitectónico e Interiorismo</span></p>

<p>En este apartamento el diseño interior se convierte en una extensión del estilo de vida de sus habitantes. La sala se enriquece con una amplia biblioteca, muebles renovados con acabado clásico envejecido y una chimenea en microcemento que aporta calidez, carácter y se convierte en el punto focal que conecta la sala con el resto [&#8230;]
