{"id":2002,"date":"2026-03-06T12:39:29","date_gmt":"2026-03-06T17:39:29","guid":{"rendered":"https:\/\/bloqueb.com\/?post_type=product&#038;p=2002"},"modified":"2026-03-27T13:47:04","modified_gmt":"2026-03-27T18:47:04","slug":"casa-148","status":"publish","type":"product","link":"https:\/\/bloqueb.com\/index.php\/producto\/casa-148\/","title":{"rendered":"Casa Antonello"},"content":{"rendered":"<p data-start=\"0\" data-end=\"705\">Esta remodelaci\u00f3n integral redefine el car\u00e1cter de la casa, combinando calidez, elegancia y funcionalidad. Desde el ingreso, el enchape hidr\u00e1ulico en el recibidor y el mueble zapatero con celos\u00eda crean una bienvenida llena de personalidad y privacidad. El piso SPC tipo madera clara recorre toda la vivienda aportando continuidad, mientras la sala se convierte en el coraz\u00f3n del hogar con una chimenea en microcemento, iluminaci\u00f3n descolgada, molduras y detalles que equilibran lo cl\u00e1sico con lo contempor\u00e1neo. La cocina abierta, con carpinter\u00eda azul y mes\u00f3n en quarztone, integra una isla comedor, alacena en vidrio con iluminaci\u00f3n LED y una estaci\u00f3n de caf\u00e9 que invita a disfrutar cada momento.<\/p>\n<p data-start=\"707\" data-end=\"1399\" data-is-last-node=\"\" data-is-only-node=\"\">La experiencia contin\u00faa en los espacios privados, donde cada ambiente fue pensado para el confort y el estilo de vida de sus habitantes. Las habitaciones integran almacenamiento, \u00e1reas de trabajo y centros de entretenimiento, mientras la habitaci\u00f3n principal se convierte en un refugio con espaldar en madera tipo list\u00f3n, iluminaci\u00f3n c\u00e1lida y un amplio walking closet dise\u00f1ado para cada necesidad. El estudio en altillo aporta un espacio vers\u00e1til y el jard\u00edn exterior se transforma en un lugar ideal para BBQ, juegos y contacto con la naturaleza.<\/p>\n<p><strong>Ficha T\u00e9cnica:<\/strong><strong><br \/>\n<\/strong><strong style=\"font-size: 14.4px;\">Ubicaci\u00f3n:<\/strong><span style=\"font-size: 14.4px;\"> Ciudad de M\u00e9xico \u2013 M\u00e9xico<br \/>\n<\/span><strong style=\"font-size: 14.4px;\">\u00c1rea:<\/strong><span style=\"font-size: 14.4px;\"> 266 m2 y jard\u00edn de 140 m2<br \/>\n<\/span><strong style=\"font-size: 14.4px;\">A\u00f1o:<\/strong><span style=\"font-size: 14.4px;\"> 2023<\/span><span style=\"font-size: 14.4px;\"><br \/>\n<\/span><strong style=\"font-size: 14.4px;\">Descripci\u00f3n:<\/strong><span style=\"font-size: 14.4px;\"> Dise\u00f1o arquitect\u00f3nico e Interiorismo\u00a0<\/span><\/p>\n","protected":false},"excerpt":{"rendered":"<p>Esta remodelaci\u00f3n integral redefine el car\u00e1cter de la casa, combinando calidez, elegancia y funcionalidad. Desde el ingreso, el enchape hidr\u00e1ulico en el recibidor y el mueble zapatero con celos\u00eda crean una bienvenida llena de personalidad y privacidad. El piso SPC tipo madera clara recorre toda la vivienda aportando continuidad, mientras la sala se convierte en [&#8230;]\n","protected":false},"featured_media":1990,"template":"","meta":{"_acf_changed":false,"h5ap_radio_sources":[],"_joinchat":[]},"product_brand":[],"product_cat":[30,35,31],"product_tag":[],"class_list":{"0":"post-2002","1":"product","2":"type-product","3":"status-publish","4":"has-post-thumbnail","6":"product_cat-mexico","7":"product_cat-mexico-inicio","8":"product_cat-residencial-mexico","10":"first","11":"instock","12":"shipping-taxable","13":"product-type-simple"},"acf":[],"_links":{"self":[{"href":"https:\/\/bloqueb.com\/index.php\/wp-json\/wp\/v2\/product\/2002","targetHints":{"allow":["GET"]}}],"collection":[{"href":"https:\/\/bloqueb.com\/index.php\/wp-json\/wp\/v2\/product"}],"about":[{"href":"https:\/\/bloqueb.com\/index.php\/wp-json\/wp\/v2\/types\/product"}],"wp:featuredmedia":[{"embeddable":true,"href":"https:\/\/bloqueb.com\/index.php\/wp-json\/wp\/v2\/media\/1990"}],"wp:attachment":[{"href":"https:\/\/bloqueb.com\/index.php\/wp-json\/wp\/v2\/media?parent=2002"}],"wp:term":[{"taxonomy":"product_brand","embeddable":true,"href":"https:\/\/bloqueb.com\/index.php\/wp-json\/wp\/v2\/product_brand?post=2002"},{"taxonomy":"product_cat","embeddable":true,"href":"https:\/\/bloqueb.com\/index.php\/wp-json\/wp\/v2\/product_cat?post=2002"},{"taxonomy":"product_tag","embeddable":true,"href":"https:\/\/bloqueb.com\/index.php\/wp-json\/wp\/v2\/product_tag?post=2002"}],"curies":[{"name":"wp","href":"https:\/\/api.w.org\/{rel}","templated":true}]}}

<p data-start="0" data-end="705">Esta remodelación integral redefine el carácter de la casa, combinando calidez, elegancia y funcionalidad. Desde el ingreso, el enchape hidráulico en el recibidor y el mueble zapatero con celosía crean una bienvenida llena de personalidad y privacidad. El piso SPC tipo madera clara recorre toda la vivienda aportando continuidad, mientras la sala se convierte en el corazón del hogar con una chimenea en microcemento, iluminación descolgada, molduras y detalles que equilibran lo clásico con lo contemporáneo. La cocina abierta, con carpintería azul y mesón en quarztone, integra una isla comedor, alacena en vidrio con iluminación LED y una estación de café que invita a disfrutar cada momento.</p>
<p data-start="707" data-end="1399" data-is-last-node="" data-is-only-node="">La experiencia continúa en los espacios privados, donde cada ambiente fue pensado para el confort y el estilo de vida de sus habitantes. Las habitaciones integran almacenamiento, áreas de trabajo y centros de entretenimiento, mientras la habitación principal se convierte en un refugio con espaldar en madera tipo listón, iluminación cálida y un amplio walking closet diseñado para cada necesidad. El estudio en altillo aporta un espacio versátil y el jardín exterior se transforma en un lugar ideal para BBQ, juegos y contacto con la naturaleza.</p>
<p><strong>Ficha Técnica:</strong><strong><br />
</strong><strong style="font-size: 14.4px;">Ubicación:</strong><span style="font-size: 14.4px;"> Ciudad de México – México<br />
</span><strong style="font-size: 14.4px;">Área:</strong><span style="font-size: 14.4px;"> 266 m2 y jardín de 140 m2<br />
</span><strong style="font-size: 14.4px;">Año:</strong><span style="font-size: 14.4px;"> 2023</span><span style="font-size: 14.4px;"><br />
</span><strong style="font-size: 14.4px;">Descripción:</strong><span style="font-size: 14.4px;"> Diseño arquitectónico e Interiorismo </span></p>

<p>Esta remodelación integral redefine el carácter de la casa, combinando calidez, elegancia y funcionalidad. Desde el ingreso, el enchape hidráulico en el recibidor y el mueble zapatero con celosía crean una bienvenida llena de personalidad y privacidad. El piso SPC tipo madera clara recorre toda la vivienda aportando continuidad, mientras la sala se convierte en [&#8230;]
