{"id":2047,"date":"2026-03-11T17:27:40","date_gmt":"2026-03-11T22:27:40","guid":{"rendered":"https:\/\/bloqueb.com\/?post_type=product&#038;p=2047"},"modified":"2026-03-12T13:28:00","modified_gmt":"2026-03-12T18:28:00","slug":"torre-sidartha","status":"publish","type":"product","link":"https:\/\/bloqueb.com\/index.php\/producto\/torre-sidartha\/","title":{"rendered":"Torre Sidartha"},"content":{"rendered":"<p data-start=\"102\" data-end=\"690\">Transformar un espacio es tambi\u00e9n transformar las oportunidades de un negocio. En este proyecto partimos desde cero, con la demolici\u00f3n de la vivienda existente y el cambio de uso de residencial a mixto, para dar vida a un punto comercial dise\u00f1ado estrat\u00e9gicamente para potenciar la actividad econ\u00f3mica del cliente. La nueva torre, construida en estructura met\u00e1lica con sistemas constructivos ligeros y eficientes, permite una ejecuci\u00f3n \u00e1gil mientras grandes ventanales llenan los espacios de luz natural y ventilaci\u00f3n, creando un ambiente funcional y atractivo para usuarios y visitantes.<\/p>\n<p data-start=\"692\" data-end=\"1159\" data-is-last-node=\"\" data-is-only-node=\"\">La arquitectura tambi\u00e9n se convierte en identidad. La fachada incorpora una parrilla de color que act\u00faa como s\u00edmbolo de marca, aportando innovaci\u00f3n, car\u00e1cter y privacidad al edificio. En el \u00faltimo nivel, un amplio apartamento con terraza complementa el proyecto, integrando vida y trabajo en un mismo lugar.<\/p>\n<p><strong>Ficha T\u00e9cnica:<\/strong><br \/>\nLa Castellana<br \/>\n<strong>Ubicaci\u00f3n: <\/strong>Bogot\u00e1 \u2013 Colombia<br \/>\n<strong>\u00c1rea:<\/strong> 748 m2<br \/>\n<strong>A\u00f1o:<\/strong> 2023<br \/>\n<strong>Tiempo:<\/strong> 9 Meses<br \/>\n<strong>Descripci\u00f3n:<\/strong> Dise\u00f1o Arquitect\u00f3nico, Dise\u00f1o de Interiores, Presupuesto y Construcci\u00f3n<\/p>\n","protected":false},"excerpt":{"rendered":"<p>Transformar un espacio es tambi\u00e9n transformar las oportunidades de un negocio. En este proyecto partimos desde cero, con la demolici\u00f3n de la vivienda existente y el cambio de uso de residencial a mixto, para dar vida a un punto comercial dise\u00f1ado estrat\u00e9gicamente para potenciar la actividad econ\u00f3mica del cliente. La nueva torre, construida en estructura [&#8230;]\n","protected":false},"featured_media":2048,"template":"","meta":{"_acf_changed":false,"h5ap_radio_sources":[],"_joinchat":[]},"product_brand":[],"product_cat":[29,34,19],"product_tag":[],"class_list":{"0":"post-2047","1":"product","2":"type-product","3":"status-publish","4":"has-post-thumbnail","6":"product_cat-colombia","7":"product_cat-colombia-inicio","8":"product_cat-oficinas","10":"first","11":"instock","12":"shipping-taxable","13":"product-type-simple"},"acf":[],"_links":{"self":[{"href":"https:\/\/bloqueb.com\/index.php\/wp-json\/wp\/v2\/product\/2047","targetHints":{"allow":["GET"]}}],"collection":[{"href":"https:\/\/bloqueb.com\/index.php\/wp-json\/wp\/v2\/product"}],"about":[{"href":"https:\/\/bloqueb.com\/index.php\/wp-json\/wp\/v2\/types\/product"}],"wp:featuredmedia":[{"embeddable":true,"href":"https:\/\/bloqueb.com\/index.php\/wp-json\/wp\/v2\/media\/2048"}],"wp:attachment":[{"href":"https:\/\/bloqueb.com\/index.php\/wp-json\/wp\/v2\/media?parent=2047"}],"wp:term":[{"taxonomy":"product_brand","embeddable":true,"href":"https:\/\/bloqueb.com\/index.php\/wp-json\/wp\/v2\/product_brand?post=2047"},{"taxonomy":"product_cat","embeddable":true,"href":"https:\/\/bloqueb.com\/index.php\/wp-json\/wp\/v2\/product_cat?post=2047"},{"taxonomy":"product_tag","embeddable":true,"href":"https:\/\/bloqueb.com\/index.php\/wp-json\/wp\/v2\/product_tag?post=2047"}],"curies":[{"name":"wp","href":"https:\/\/api.w.org\/{rel}","templated":true}]}}

<p data-start="102" data-end="690">Transformar un espacio es también transformar las oportunidades de un negocio. En este proyecto partimos desde cero, con la demolición de la vivienda existente y el cambio de uso de residencial a mixto, para dar vida a un punto comercial diseñado estratégicamente para potenciar la actividad económica del cliente. La nueva torre, construida en estructura metálica con sistemas constructivos ligeros y eficientes, permite una ejecución ágil mientras grandes ventanales llenan los espacios de luz natural y ventilación, creando un ambiente funcional y atractivo para usuarios y visitantes.</p>
<p data-start="692" data-end="1159" data-is-last-node="" data-is-only-node="">La arquitectura también se convierte en identidad. La fachada incorpora una parrilla de color que actúa como símbolo de marca, aportando innovación, carácter y privacidad al edificio. En el último nivel, un amplio apartamento con terraza complementa el proyecto, integrando vida y trabajo en un mismo lugar.</p>
<p><strong>Ficha Técnica:</strong><br />
La Castellana<br />
<strong>Ubicación: </strong>Bogotá – Colombia<br />
<strong>Área:</strong> 748 m2<br />
<strong>Año:</strong> 2023<br />
<strong>Tiempo:</strong> 9 Meses<br />
<strong>Descripción:</strong> Diseño Arquitectónico, Diseño de Interiores, Presupuesto y Construcción</p>

<p>Transformar un espacio es también transformar las oportunidades de un negocio. En este proyecto partimos desde cero, con la demolición de la vivienda existente y el cambio de uso de residencial a mixto, para dar vida a un punto comercial diseñado estratégicamente para potenciar la actividad económica del cliente. La nueva torre, construida en estructura [&#8230;]
