{"id":2057,"date":"2026-03-12T08:43:12","date_gmt":"2026-03-12T13:43:12","guid":{"rendered":"https:\/\/bloqueb.com\/?post_type=product&#038;p=2057"},"modified":"2026-03-27T13:43:53","modified_gmt":"2026-03-27T18:43:53","slug":"estacion-cable-submarino-panama","status":"publish","type":"product","link":"https:\/\/bloqueb.com\/index.php\/producto\/estacion-cable-submarino-panama\/","title":{"rendered":"Estaci\u00f3n Cable Submarino Panam\u00e1"},"content":{"rendered":"<p data-start=\"102\" data-end=\"690\">Dise\u00f1ar infraestructura tecnol\u00f3gica tambi\u00e9n es una oportunidad para crear arquitectura con identidad. En este proyecto plantea el dise\u00f1o integral de una estaci\u00f3n de cable submarino donde la arquitectura acompa\u00f1a el funcionamiento de una infraestructura cr\u00edtica. A trav\u00e9s del desarrollo de planos generales y la coordinaci\u00f3n con estudios t\u00e9cnicos, se propone un edificio que combina eficiencia operativa con una imagen contempor\u00e1nea, utilizando concreto, vidrio, metal y l\u00e1mina microperforada para crear una fachada din\u00e1mica que contrasta con el entorno natural.<\/p>\n<p data-start=\"102\" data-end=\"690\">El programa arquitect\u00f3nico organiza espacios t\u00e9cnicos, \u00e1reas de monitoreo, bodegas, subestaci\u00f3n el\u00e9ctrica, circulaciones y estacionamientos, complementados con jardines secos y superficies exteriores que aportan beneficios clim\u00e1ticos y sostenibles. Las ventanas circulares moduladas seg\u00fan los usos interiores, junto con ventanales rectangulares protegidos por parrillas, permiten controlar la privacidad y el ingreso de luz natural. Cada elemento busca equilibrar tecnolog\u00eda, eficiencia y arquitectura<\/p>\n<p><strong>Ficha T\u00e9cnica:<\/strong><br \/>\nCorregimiento Maria Chiquita<br \/>\n<strong>Ubicaci\u00f3n: <\/strong>Provincia de Col\u00f3n \u2013 Panam\u00e1<br \/>\n<strong>\u00c1rea:<\/strong> 1.641 m2<br \/>\n<strong>A\u00f1o:<\/strong> 2017<br \/>\n<strong>Descripci\u00f3n:<\/strong> Dise\u00f1o Arquitect\u00f3nico, Programa Arquitect\u00f3nico y Visualizaci\u00f3n<\/p>\n","protected":false},"excerpt":{"rendered":"<p>Dise\u00f1ar infraestructura tecnol\u00f3gica tambi\u00e9n es una oportunidad para crear arquitectura con identidad. En este proyecto plantea el dise\u00f1o integral de una estaci\u00f3n de cable submarino donde la arquitectura acompa\u00f1a el funcionamiento de una infraestructura cr\u00edtica. A trav\u00e9s del desarrollo de planos generales y la coordinaci\u00f3n con estudios t\u00e9cnicos, se propone un edificio que combina eficiencia [&#8230;]\n","protected":false},"featured_media":2061,"template":"","meta":{"_acf_changed":false,"h5ap_radio_sources":[],"_joinchat":[]},"product_brand":[],"product_cat":[29,34,19],"product_tag":[],"class_list":{"0":"post-2057","1":"product","2":"type-product","3":"status-publish","4":"has-post-thumbnail","6":"product_cat-colombia","7":"product_cat-colombia-inicio","8":"product_cat-oficinas","10":"first","11":"instock","12":"shipping-taxable","13":"product-type-simple"},"acf":[],"_links":{"self":[{"href":"https:\/\/bloqueb.com\/index.php\/wp-json\/wp\/v2\/product\/2057","targetHints":{"allow":["GET"]}}],"collection":[{"href":"https:\/\/bloqueb.com\/index.php\/wp-json\/wp\/v2\/product"}],"about":[{"href":"https:\/\/bloqueb.com\/index.php\/wp-json\/wp\/v2\/types\/product"}],"wp:featuredmedia":[{"embeddable":true,"href":"https:\/\/bloqueb.com\/index.php\/wp-json\/wp\/v2\/media\/2061"}],"wp:attachment":[{"href":"https:\/\/bloqueb.com\/index.php\/wp-json\/wp\/v2\/media?parent=2057"}],"wp:term":[{"taxonomy":"product_brand","embeddable":true,"href":"https:\/\/bloqueb.com\/index.php\/wp-json\/wp\/v2\/product_brand?post=2057"},{"taxonomy":"product_cat","embeddable":true,"href":"https:\/\/bloqueb.com\/index.php\/wp-json\/wp\/v2\/product_cat?post=2057"},{"taxonomy":"product_tag","embeddable":true,"href":"https:\/\/bloqueb.com\/index.php\/wp-json\/wp\/v2\/product_tag?post=2057"}],"curies":[{"name":"wp","href":"https:\/\/api.w.org\/{rel}","templated":true}]}}

Estación Cable Submarino Panamá

<p data-start="102" data-end="690">Diseñar infraestructura tecnológica también es una oportunidad para crear arquitectura con identidad. En este proyecto plantea el diseño integral de una estación de cable submarino donde la arquitectura acompaña el funcionamiento de una infraestructura crítica. A través del desarrollo de planos generales y la coordinación con estudios técnicos, se propone un edificio que combina eficiencia operativa con una imagen contemporánea, utilizando concreto, vidrio, metal y lámina microperforada para crear una fachada dinámica que contrasta con el entorno natural.</p>
<p data-start="102" data-end="690">El programa arquitectónico organiza espacios técnicos, áreas de monitoreo, bodegas, subestación eléctrica, circulaciones y estacionamientos, complementados con jardines secos y superficies exteriores que aportan beneficios climáticos y sostenibles. Las ventanas circulares moduladas según los usos interiores, junto con ventanales rectangulares protegidos por parrillas, permiten controlar la privacidad y el ingreso de luz natural. Cada elemento busca equilibrar tecnología, eficiencia y arquitectura</p>
<p><strong>Ficha Técnica:</strong><br />
Corregimiento Maria Chiquita<br />
<strong>Ubicación: </strong>Provincia de Colón – Panamá<br />
<strong>Área:</strong> 1.641 m2<br />
<strong>Año:</strong> 2017<br />
<strong>Descripción:</strong> Diseño Arquitectónico, Programa Arquitectónico y Visualización</p>

<p>Diseñar infraestructura tecnológica también es una oportunidad para crear arquitectura con identidad. En este proyecto plantea el diseño integral de una estación de cable submarino donde la arquitectura acompaña el funcionamiento de una infraestructura crítica. A través del desarrollo de planos generales y la coordinación con estudios técnicos, se propone un edificio que combina eficiencia [&#8230;]
