{"id":708,"date":"2024-01-22T08:01:39","date_gmt":"2024-01-22T07:01:39","guid":{"rendered":"http:\/\/bloqueb.com\/?post_type=product&#038;p=708"},"modified":"2026-03-12T13:27:54","modified_gmt":"2026-03-12T18:27:54","slug":"apartamento-117","status":"publish","type":"product","link":"https:\/\/bloqueb.com\/index.php\/producto\/apartamento-117\/","title":{"rendered":"Apartamento 117"},"content":{"rendered":"<p data-start=\"113\" data-end=\"718\">Este d\u00faplex fue cuidadosamente intervenido para lograr un hogar m\u00e1s moderno, luminoso y funcional. Se reemplaz\u00f3 el tapete original por un elegante piso laminado y los pasos de la escalera fueron revestidos en chapilla de madera, aportando calidez y continuidad visual. La cocina se abri\u00f3 completamente hacia la zona social, mientras que se redise\u00f1\u00f3 el ba\u00f1o social con un estilo contempor\u00e1neo y se reubic\u00f3 estrat\u00e9gicamente para ampliar la cocina. Tambi\u00e9n se mejor\u00f3 la zona de ropas, haci\u00e9ndola m\u00e1s c\u00f3moda y pr\u00e1ctica, y se eliminaron elementos como la chimenea para dar paso a un dise\u00f1o m\u00e1s limpio y actual.<\/p>\n<p data-start=\"720\" data-end=\"1253\">En el comedor, se incorporaron nichos de iluminaci\u00f3n que resaltan la doble altura de la sala, creando un ambiente acogedor y sofisticado. La habitaci\u00f3n de hu\u00e9spedes fue ajustada en tama\u00f1o, sin perder confort ni funcionalidad. En el segundo nivel, el ba\u00f1o principal fue ampliado y completamente renovado, al igual que el estudio, con acabados modernos que elevan la calidad de vida diaria. Cada detalle de esta renovaci\u00f3n busca ofrecer un equilibrio entre dise\u00f1o, confort y funcionalidad, pensado para disfrutar cada rinc\u00f3n del hogar.<\/p>\n<p><strong>Ficha T\u00e9cnica:<\/strong><br \/>\nEdificio Confagla 3<br \/>\n<strong>Ubicaci\u00f3n:<\/strong> Bogot\u00e1 \u2013 Colombia<br \/>\n<strong>\u00c1rea:<\/strong> 134 m2<br \/>\n<strong>A\u00f1o:<\/strong> 2019<br \/>\n<strong>Tiempo:<\/strong> 5 Meses<br \/>\n<strong>Descripci\u00f3n:<\/strong> Dise\u00f1o Arquitect\u00f3nico, Dise\u00f1o de Interiores, Nichos para iluminaci\u00f3n, Presupuesto y Construcci\u00f3n<\/p>\n<p>&nbsp;<\/p>\n<p><strong>Antes y despu\u00e9s<\/strong><\/p>\n<div class=\"row\"  id=\"row-993141065\">\n\n\t<div id=\"col-1436461650\" class=\"col medium-2 small-12 large-2\"  >\n\t\t\t\t<div class=\"col-inner\"  >\n\t\t\t\n\t\t\t\n\t\t<\/div>\n\t\t\t\t\t<\/div>\n\n\t\n\n\t<div id=\"col-1208289638\" class=\"col medium-8 small-12 large-8\"  >\n\t\t\t\t<div class=\"col-inner\"  >\n\t\t\t\n\t\t\t\n<div id=\"twenty20-1\" class=\"twenty20\" style=\"width: 100% !important; clear: both;\"><div class=\"twentytwenty-container twenty20-1 \"><img decoding=\"async\" src=\"https:\/\/bloqueb.com\/wp-content\/uploads\/2024\/04\/A-02-RB1-scaled.jpg\" alt=\"Before image\" \/><img decoding=\"async\" src=\"https:\/\/bloqueb.com\/wp-content\/uploads\/2024\/01\/A-02-RB-scaled.jpg\" alt=\"After image\" \/><\/div><\/div>\n\t\t<\/div>\n\t\t\t\t\t<\/div>\n\n\t\n\n\t<div id=\"col-746455883\" class=\"col medium-2 small-12 large-2\"  >\n\t\t\t\t<div class=\"col-inner\"  >\n\t\t\t\n\t\t\t\n\t\t<\/div>\n\t\t\t\t\t<\/div>\n\n\t\n<\/div>\n<p>&nbsp;<\/p>\n","protected":false},"excerpt":{"rendered":"<p>Este d\u00faplex fue cuidadosamente intervenido para lograr un hogar m\u00e1s moderno, luminoso y funcional. Se reemplaz\u00f3 el tapete original por un elegante piso laminado y los pasos de la escalera fueron revestidos en chapilla de madera, aportando calidez y continuidad visual. La cocina se abri\u00f3 completamente hacia la zona social, mientras que se redise\u00f1\u00f3 el [&#8230;]\n","protected":false},"featured_media":722,"template":"","meta":{"_acf_changed":false,"h5ap_radio_sources":[],"_joinchat":[]},"product_brand":[],"product_cat":[17,29,34,22],"product_tag":[],"class_list":{"0":"post-708","1":"product","2":"type-product","3":"status-publish","4":"has-post-thumbnail","6":"product_cat-apartamentos","7":"product_cat-colombia","8":"product_cat-colombia-inicio","9":"product_cat-residencial","11":"first","12":"instock","13":"shipping-taxable","14":"product-type-simple"},"acf":[],"_links":{"self":[{"href":"https:\/\/bloqueb.com\/index.php\/wp-json\/wp\/v2\/product\/708","targetHints":{"allow":["GET"]}}],"collection":[{"href":"https:\/\/bloqueb.com\/index.php\/wp-json\/wp\/v2\/product"}],"about":[{"href":"https:\/\/bloqueb.com\/index.php\/wp-json\/wp\/v2\/types\/product"}],"wp:featuredmedia":[{"embeddable":true,"href":"https:\/\/bloqueb.com\/index.php\/wp-json\/wp\/v2\/media\/722"}],"wp:attachment":[{"href":"https:\/\/bloqueb.com\/index.php\/wp-json\/wp\/v2\/media?parent=708"}],"wp:term":[{"taxonomy":"product_brand","embeddable":true,"href":"https:\/\/bloqueb.com\/index.php\/wp-json\/wp\/v2\/product_brand?post=708"},{"taxonomy":"product_cat","embeddable":true,"href":"https:\/\/bloqueb.com\/index.php\/wp-json\/wp\/v2\/product_cat?post=708"},{"taxonomy":"product_tag","embeddable":true,"href":"https:\/\/bloqueb.com\/index.php\/wp-json\/wp\/v2\/product_tag?post=708"}],"curies":[{"name":"wp","href":"https:\/\/api.w.org\/{rel}","templated":true}]}}