{"id":762,"date":"2024-01-22T08:16:32","date_gmt":"2024-01-22T07:16:32","guid":{"rendered":"http:\/\/bloqueb.com\/?post_type=product&#038;p=762"},"modified":"2026-03-12T13:20:54","modified_gmt":"2026-03-12T18:20:54","slug":"apartamento-69a","status":"publish","type":"product","link":"https:\/\/bloqueb.com\/index.php\/producto\/apartamento-69a\/","title":{"rendered":"Apartamento 69A"},"content":{"rendered":"<p>En esta impresionante remodelaci\u00f3n de estilo moderno, nos adentramos en el apartamento de un cliente joven, profesional exitoso y apasionado por el dise\u00f1o, la arquitectura y el buen gusto.<\/p>\n<p>La zona social ha sido concebida como el coraz\u00f3n vibrante del apartamento, un espacio de convivencia y entretenimiento donde nuestro cliente puede recibir familiares, amigos o colegas en un entorno acogedor y sofisticado.\u00a0 Cada detalle ha sido meticulosamente pensado para crear una atm\u00f3sfera envolvente y elegante que se alinea con el estilo de vida din\u00e1mico y exitoso del propietario.<\/p>\n<p>La integraci\u00f3n armoniosa del interior con el exterior se logra mediante el uso estrat\u00e9gico de grandes ventanales y puertas corredizas, que permiten que la luz natural inunde el espacio y que el paisaje urbano se convierta en un lienzo en constante cambio.<\/p>\n<p><strong>Ficha T\u00e9cnica:<\/strong><br \/>\nParque Rosales<br \/>\n<strong>Ubicaci\u00f3n:<\/strong> Bogot\u00e1 \u2013 Colombia<br \/>\n<strong>\u00c1rea:<\/strong> 150 m2<br \/>\n<strong>A\u00f1o:<\/strong> 2016<br \/>\n<strong>Tiempo:<\/strong> 4.5 Meses<br \/>\n<strong>Descripci\u00f3n:<\/strong> Dise\u00f1o Arquitect\u00f3nico, Dise\u00f1o de Interiores, Nichos para iluminaci\u00f3n, Presupuesto y Construcci\u00f3n<\/p>\n<p>&nbsp;<\/p>\n<p><strong>Antes y despu\u00e9s\u00a0<\/strong><\/p>\n<p style=\"text-align: left;\"><div class=\"row\"  id=\"row-1490242288\">\n<p style=\"text-align: left;\">\n\t<div id=\"col-26423362\" class=\"col medium-2 small-12 large-2\"  >\n\t\t\t\t<div class=\"col-inner\"  >\n\t\t\t\n\t\t\t\n<p style=\"text-align: left;\">\t\t<\/div>\n\t\t\t\t\t<\/div>\n\n\t\n\n\t<div id=\"col-1382131937\" class=\"col medium-8 small-12 large-8\"  >\n\t\t\t\t<div class=\"col-inner\"  >\n\t\t\t\n\t\t\t\n<p style=\"text-align: left;\"><div id=\"twenty20-1\" class=\"twenty20\" style=\"width: 100% !important; clear: both;\"><div class=\"twentytwenty-container twenty20-1 \"><img decoding=\"async\" src=\"https:\/\/bloqueb.com\/wp-content\/uploads\/2024\/01\/05-B-2-scaled.jpg\" alt=\"Before image\" \/><img decoding=\"async\" src=\"https:\/\/bloqueb.com\/wp-content\/uploads\/2024\/01\/05-11.jpg\" alt=\"After image\" \/><\/div><\/div>\n<p style=\"text-align: left;\">\t\t<\/div>\n\t\t\t\t\t<\/div>\n\n\t\n\n\t<div id=\"col-1839386679\" class=\"col medium-2 small-12 large-2\"  >\n\t\t\t\t<div class=\"col-inner\"  >\n\t\t\t\n\t\t\t\n<p style=\"text-align: left;\">\t\t<\/div>\n\t\t\t\t\t<\/div>\n\n\t\n<p style=\"text-align: left;\"><\/div>\n<p>&nbsp;<\/p>\n<div id=\"dflip-tab-content-lightbox\" class=\"dflip-tab-content dflip-active\"><code><div class=\"_df_thumb \" id=\"df_1296\"  _slug=\"revista-mobiliari-117\" data-title=\"revista-mobiliari-117\" wpoptions=\"true\" thumb=\"http:\/\/bloqueb.com\/wp-content\/uploads\/2024\/03\/REVISTA-MOBILIARI-No.-176-001.jpg\" thumbtype=\"\" >Revista Mobiliari 117<\/div><script class=\"df-shortcode-script\" nowprocket type=\"application\/javascript\">window.option_df_1296 = {\"outline\":[],\"autoEnableOutline\":\"false\",\"autoEnableThumbnail\":\"false\",\"overwritePDFOutline\":\"false\",\"direction\":\"1\",\"pageSize\":\"0\",\"source\":[\"http:\\\/\\\/bloqueb.com\\\/wp-content\\\/uploads\\\/2024\\\/03\\\/REVISTA-MOBILIARI-No.-176-001.jpg\",\"http:\\\/\\\/bloqueb.com\\\/wp-content\\\/uploads\\\/2024\\\/03\\\/REVISTA-MOBILIARI-No.-176-002.jpg\",\"http:\\\/\\\/bloqueb.com\\\/wp-content\\\/uploads\\\/2024\\\/03\\\/REVISTA-MOBILIARI-No.-176-003.jpg\",\"http:\\\/\\\/bloqueb.com\\\/wp-content\\\/uploads\\\/2024\\\/03\\\/REVISTA-MOBILIARI-No.-176-004.jpg\",\"http:\\\/\\\/bloqueb.com\\\/wp-content\\\/uploads\\\/2024\\\/03\\\/REVISTA-MOBILIARI-No.-176-005.jpg\",\"http:\\\/\\\/bloqueb.com\\\/wp-content\\\/uploads\\\/2024\\\/03\\\/REVISTA-MOBILIARI-No.-176-006.jpg\",\"http:\\\/\\\/bloqueb.com\\\/wp-content\\\/uploads\\\/2024\\\/03\\\/REVISTA-MOBILIARI-No.-176-007.jpg\",\"http:\\\/\\\/bloqueb.com\\\/wp-content\\\/uploads\\\/2024\\\/03\\\/REVISTA-MOBILIARI-No.-176-008.jpg\",\"http:\\\/\\\/bloqueb.com\\\/wp-content\\\/uploads\\\/2024\\\/03\\\/REVISTA-MOBILIARI-No.-176-009.jpg\",\"http:\\\/\\\/bloqueb.com\\\/wp-content\\\/uploads\\\/2024\\\/03\\\/REVISTA-MOBILIARI-No.-176-010.jpg\"],\"wpOptions\":\"true\",\"links\":[[],[],[],[],[],[],[],[],[],[],[]]}; if(window.DFLIP && window.DFLIP.parseBooks){window.DFLIP.parseBooks();}<\/script><\/code><\/div>\n","protected":false},"excerpt":{"rendered":"<p>En esta impresionante remodelaci\u00f3n de estilo moderno, nos adentramos en el apartamento de un cliente joven, profesional exitoso y apasionado por el dise\u00f1o, la arquitectura y el buen gusto. La zona social ha sido concebida como el coraz\u00f3n vibrante del apartamento, un espacio de convivencia y entretenimiento donde nuestro cliente puede recibir familiares, amigos o [&#8230;]\n","protected":false},"featured_media":773,"template":"","meta":{"_acf_changed":false,"h5ap_radio_sources":[],"_joinchat":[]},"product_brand":[],"product_cat":[17,29,34,22],"product_tag":[],"class_list":{"0":"post-762","1":"product","2":"type-product","3":"status-publish","4":"has-post-thumbnail","6":"product_cat-apartamentos","7":"product_cat-colombia","8":"product_cat-colombia-inicio","9":"product_cat-residencial","11":"first","12":"instock","13":"shipping-taxable","14":"product-type-simple"},"acf":[],"_links":{"self":[{"href":"https:\/\/bloqueb.com\/index.php\/wp-json\/wp\/v2\/product\/762","targetHints":{"allow":["GET"]}}],"collection":[{"href":"https:\/\/bloqueb.com\/index.php\/wp-json\/wp\/v2\/product"}],"about":[{"href":"https:\/\/bloqueb.com\/index.php\/wp-json\/wp\/v2\/types\/product"}],"wp:featuredmedia":[{"embeddable":true,"href":"https:\/\/bloqueb.com\/index.php\/wp-json\/wp\/v2\/media\/773"}],"wp:attachment":[{"href":"https:\/\/bloqueb.com\/index.php\/wp-json\/wp\/v2\/media?parent=762"}],"wp:term":[{"taxonomy":"product_brand","embeddable":true,"href":"https:\/\/bloqueb.com\/index.php\/wp-json\/wp\/v2\/product_brand?post=762"},{"taxonomy":"product_cat","embeddable":true,"href":"https:\/\/bloqueb.com\/index.php\/wp-json\/wp\/v2\/product_cat?post=762"},{"taxonomy":"product_tag","embeddable":true,"href":"https:\/\/bloqueb.com\/index.php\/wp-json\/wp\/v2\/product_tag?post=762"}],"curies":[{"name":"wp","href":"https:\/\/api.w.org\/{rel}","templated":true}]}}