{"id":781,"date":"2024-01-22T08:21:51","date_gmt":"2024-01-22T07:21:51","guid":{"rendered":"http:\/\/bloqueb.com\/?post_type=product&#038;p=781"},"modified":"2026-03-12T13:24:44","modified_gmt":"2026-03-12T18:24:44","slug":"oficinas-konrad-adenauer-stiftung","status":"publish","type":"product","link":"https:\/\/bloqueb.com\/index.php\/producto\/oficinas-konrad-adenauer-stiftung\/","title":{"rendered":"Oficinas Konrad Adenauer Stiftung"},"content":{"rendered":"<p>Bienvenidos a un nuevo horizonte en el mundo corporativo, donde la perfecci\u00f3n Alemana y la pujanza Colombiana se unen en armon\u00eda para dar vida a un espacio \u00fanico que refleja la esencia de la KAS, Fundaci\u00f3n Konrad Adenauer Stiftung.<\/p>\n<p>En nuestro inspirador dise\u00f1o de interiores, cada detalle est\u00e1 meticulosamente concebido para representar la promesa de valor de la KAS: \u201cgarantizar y fomentar la democracia, la paz, la libertad y el bienestar en Europa y el mundo.\u201d Cada espacio ha sido concebido con un prop\u00f3sito, buscando armonizar la funcionalidad y la est\u00e9tica para crear un ambiente que inspire la innovaci\u00f3n y el progreso.<\/p>\n<p><strong>Ficha T\u00e9cnica:<\/strong><br \/>\nOficinas Fundaci\u00f3n Konrad Adenauer<br \/>\n<strong>Ubicaci\u00f3n: <\/strong>Bogot\u00e1 \u2013 Colombia<br \/>\n<strong>\u00c1rea:<\/strong> 600 m2<br \/>\n<strong>A\u00f1o:<\/strong> 2019<br \/>\n<strong>Tiempo:<\/strong> 5 Meses<br \/>\n<strong>Descripci\u00f3n:<\/strong> Dise\u00f1o Arquitect\u00f3nico, Dise\u00f1o de Interiores, Presupuesto y Construcci\u00f3n<\/p>\n","protected":false},"excerpt":{"rendered":"<p>Bienvenidos a un nuevo horizonte en el mundo corporativo, donde la perfecci\u00f3n Alemana y la pujanza Colombiana se unen en armon\u00eda para dar vida a un espacio \u00fanico que refleja la esencia de la KAS, Fundaci\u00f3n Konrad Adenauer Stiftung. En nuestro inspirador dise\u00f1o de interiores, cada detalle est\u00e1 meticulosamente concebido para representar la promesa de [&#8230;]\n","protected":false},"featured_media":789,"template":"","meta":{"_acf_changed":false,"h5ap_radio_sources":[],"_joinchat":[]},"product_brand":[],"product_cat":[29,34,19],"product_tag":[],"class_list":{"0":"post-781","1":"product","2":"type-product","3":"status-publish","4":"has-post-thumbnail","6":"product_cat-colombia","7":"product_cat-colombia-inicio","8":"product_cat-oficinas","10":"first","11":"instock","12":"shipping-taxable","13":"product-type-simple"},"acf":[],"_links":{"self":[{"href":"https:\/\/bloqueb.com\/index.php\/wp-json\/wp\/v2\/product\/781","targetHints":{"allow":["GET"]}}],"collection":[{"href":"https:\/\/bloqueb.com\/index.php\/wp-json\/wp\/v2\/product"}],"about":[{"href":"https:\/\/bloqueb.com\/index.php\/wp-json\/wp\/v2\/types\/product"}],"wp:featuredmedia":[{"embeddable":true,"href":"https:\/\/bloqueb.com\/index.php\/wp-json\/wp\/v2\/media\/789"}],"wp:attachment":[{"href":"https:\/\/bloqueb.com\/index.php\/wp-json\/wp\/v2\/media?parent=781"}],"wp:term":[{"taxonomy":"product_brand","embeddable":true,"href":"https:\/\/bloqueb.com\/index.php\/wp-json\/wp\/v2\/product_brand?post=781"},{"taxonomy":"product_cat","embeddable":true,"href":"https:\/\/bloqueb.com\/index.php\/wp-json\/wp\/v2\/product_cat?post=781"},{"taxonomy":"product_tag","embeddable":true,"href":"https:\/\/bloqueb.com\/index.php\/wp-json\/wp\/v2\/product_tag?post=781"}],"curies":[{"name":"wp","href":"https:\/\/api.w.org\/{rel}","templated":true}]}}