{"id":845,"date":"2024-01-22T08:34:51","date_gmt":"2024-01-22T07:34:51","guid":{"rendered":"http:\/\/bloqueb.com\/?post_type=product&#038;p=845"},"modified":"2026-03-12T13:28:10","modified_gmt":"2026-03-12T18:28:10","slug":"casino-new-york-cc-el-eden","status":"publish","type":"product","link":"https:\/\/bloqueb.com\/index.php\/producto\/casino-new-york-cc-el-eden\/","title":{"rendered":"Casino New York &#8211; CC El Ed\u00e9n"},"content":{"rendered":"<p>En el fascinante mundo de la arquitectura, nos adentramos en el origen etimol\u00f3gico del t\u00e9rmino \u201ccasino\u201d, descubriendo sus v\u00ednculos con la rica herencia italiana y su conexi\u00f3n con el lat\u00edn, donde la palabra \u201ccasa\u201d emerge como su fuente primaria.<\/p>\n<p>En este contexto, se revela la connotaci\u00f3n de un lugar con dualidad significativa: una peque\u00f1a villa de campo de elegancia sublime y, a su vez, un estimulante club social. Este extraordinario proyecto arquitect\u00f3nico abraza todos los sentidos y despierta emociones a trav\u00e9s de sus colores, texturas, iluminaci\u00f3n y sensaci\u00f3n espacial, creando un ambiente apacible e inspirador en una atm\u00f3sfera desafiante.<\/p>\n<p>Cada detalle ha sido cuidadosamente concebido para cautivar y sorprender, asegurando que cada rinc\u00f3n cuente una historia.<\/p>\n<p><strong>Ficha T\u00e9cnica:<\/strong><br \/>\nCasino New York \u2013 CC El Ed\u00e9n<br \/>\n<strong>Ubicaci\u00f3n:<\/strong> Bogot\u00e1 \u2013 Colombia<br \/>\n<strong>\u00c1rea:<\/strong> 611 m2<br \/>\n<strong>A\u00f1o:<\/strong> 2021<br \/>\n<strong>Tiempo:<\/strong> 4 Meses<br \/>\n<strong>Descripci\u00f3n:<\/strong> Dise\u00f1o Arquitect\u00f3nico, Dise\u00f1o de Interiores, Presupuesto y Construcci\u00f3n<\/p>\n","protected":false},"excerpt":{"rendered":"<p>En el fascinante mundo de la arquitectura, nos adentramos en el origen etimol\u00f3gico del t\u00e9rmino \u201ccasino\u201d, descubriendo sus v\u00ednculos con la rica herencia italiana y su conexi\u00f3n con el lat\u00edn, donde la palabra \u201ccasa\u201d emerge como su fuente primaria. En este contexto, se revela la connotaci\u00f3n de un lugar con dualidad significativa: una peque\u00f1a villa [&#8230;]\n","protected":false},"featured_media":848,"template":"","meta":{"_acf_changed":false,"h5ap_radio_sources":[],"_joinchat":[]},"product_brand":[],"product_cat":[29,34,20],"product_tag":[],"class_list":{"0":"post-845","1":"product","2":"type-product","3":"status-publish","4":"has-post-thumbnail","6":"product_cat-colombia","7":"product_cat-colombia-inicio","8":"product_cat-locales-comerciales","10":"first","11":"instock","12":"shipping-taxable","13":"product-type-simple"},"acf":[],"_links":{"self":[{"href":"https:\/\/bloqueb.com\/index.php\/wp-json\/wp\/v2\/product\/845","targetHints":{"allow":["GET"]}}],"collection":[{"href":"https:\/\/bloqueb.com\/index.php\/wp-json\/wp\/v2\/product"}],"about":[{"href":"https:\/\/bloqueb.com\/index.php\/wp-json\/wp\/v2\/types\/product"}],"wp:featuredmedia":[{"embeddable":true,"href":"https:\/\/bloqueb.com\/index.php\/wp-json\/wp\/v2\/media\/848"}],"wp:attachment":[{"href":"https:\/\/bloqueb.com\/index.php\/wp-json\/wp\/v2\/media?parent=845"}],"wp:term":[{"taxonomy":"product_brand","embeddable":true,"href":"https:\/\/bloqueb.com\/index.php\/wp-json\/wp\/v2\/product_brand?post=845"},{"taxonomy":"product_cat","embeddable":true,"href":"https:\/\/bloqueb.com\/index.php\/wp-json\/wp\/v2\/product_cat?post=845"},{"taxonomy":"product_tag","embeddable":true,"href":"https:\/\/bloqueb.com\/index.php\/wp-json\/wp\/v2\/product_tag?post=845"}],"curies":[{"name":"wp","href":"https:\/\/api.w.org\/{rel}","templated":true}]}}