{"id":856,"date":"2024-01-22T08:37:27","date_gmt":"2024-01-22T07:37:27","guid":{"rendered":"http:\/\/bloqueb.com\/?post_type=product&#038;p=856"},"modified":"2026-03-12T13:27:08","modified_gmt":"2026-03-12T18:27:08","slug":"apartamento-74","status":"publish","type":"product","link":"https:\/\/bloqueb.com\/index.php\/producto\/apartamento-74\/","title":{"rendered":"Apartamento 74"},"content":{"rendered":"<p data-start=\"178\" data-end=\"675\">Este d\u00faplex fue intervenido con sensibilidad y car\u00e1cter, resaltando lo existente y sumando detalles que elevan la experiencia de habitarlo. Se pulieron los pisos y las escaleras de madera, y se retir\u00f3 la baranda para dar mayor ligereza visual al recorrido. La cocina conserv\u00f3 su distribuci\u00f3n original, pero fue revitalizada con nueva carpinter\u00eda, mientras que la chimenea a gas gan\u00f3 protagonismo al enmarcarse con una textura de microcemento que la convierte en el centro c\u00e1lido de la zona social.<\/p>\n<p data-start=\"677\" data-end=\"1149\">En el segundo piso, la transformaci\u00f3n fue total: se incorpor\u00f3 un cielo raso que aporta unidad y se dise\u00f1\u00f3 una zona privada abierta e integrada, respondiendo al estilo de vida del cliente. El ba\u00f1o se conecta directamente con la habitaci\u00f3n, y un muro detr\u00e1s de la cama da forma a un vestier amplio, sin cerramientos, que aporta orden sin perder fluidez.<\/p>\n<p><strong>Ficha T\u00e9cnica:<br \/>\n<\/strong><strong style=\"font-size: 14.4px;\">Ubicaci\u00f3n:<\/strong><span style=\"font-size: 14.4px;\"> Bogot\u00e1 \u2013 Colombia<br \/>\n<\/span><strong style=\"font-size: 14.4px;\">\u00c1rea:<\/strong><span style=\"font-size: 14.4px;\"> 110 m2 y terraza descubierta de 22m2<br \/>\n<\/span><strong style=\"font-size: 14.4px;\">A\u00f1o:<\/strong><span style=\"font-size: 14.4px;\"> 2010<br \/>\n<\/span><strong style=\"font-size: 14.4px;\">Tiempo:<\/strong><span style=\"font-size: 14.4px;\"> 4 Meses<br \/>\n<\/span><strong style=\"font-size: 14.4px;\">Descripci\u00f3n:<\/strong><span style=\"font-size: 14.4px;\"> Dise\u00f1o Arquitect\u00f3nico, Dise\u00f1o de Interiores, Presupuesto y Construcci\u00f3n<\/span><\/p>\n<p>&nbsp;<\/p>\n<div class=\"_df_thumb \" id=\"df_1280\"  _slug=\"casa-viva-120\" data-title=\"casa-viva-120\" wpoptions=\"true\" thumb=\"http:\/\/bloqueb.com\/wp-content\/uploads\/2024\/03\/CASA-VIVA-No.-120-001.jpg\" thumbtype=\"\" >Casa Viva 120<\/div><script class=\"df-shortcode-script\" nowprocket type=\"application\/javascript\">window.option_df_1280 = {\"outline\":[],\"autoEnableOutline\":\"false\",\"autoEnableThumbnail\":\"false\",\"overwritePDFOutline\":\"false\",\"direction\":\"1\",\"pageSize\":\"0\",\"source\":[\"http:\\\/\\\/bloqueb.com\\\/wp-content\\\/uploads\\\/2024\\\/03\\\/CASA-VIVA-No.-120-001.jpg\",\"http:\\\/\\\/bloqueb.com\\\/wp-content\\\/uploads\\\/2024\\\/03\\\/CASA-VIVA-No.-120-002.jpg\",\"http:\\\/\\\/bloqueb.com\\\/wp-content\\\/uploads\\\/2024\\\/03\\\/CASA-VIVA-No.-120-003.jpg\",\"http:\\\/\\\/bloqueb.com\\\/wp-content\\\/uploads\\\/2024\\\/03\\\/CASA-VIVA-No.-120-004.jpg\",\"http:\\\/\\\/bloqueb.com\\\/wp-content\\\/uploads\\\/2024\\\/03\\\/CASA-VIVA-No.-120-005.jpg\",\"http:\\\/\\\/bloqueb.com\\\/wp-content\\\/uploads\\\/2024\\\/03\\\/CASA-VIVA-No.-120-006.jpg\",\"http:\\\/\\\/bloqueb.com\\\/wp-content\\\/uploads\\\/2024\\\/03\\\/CASA-VIVA-No.-120-007.jpg\",\"http:\\\/\\\/bloqueb.com\\\/wp-content\\\/uploads\\\/2024\\\/03\\\/CASA-VIVA-No.-120-008.jpg\",\"http:\\\/\\\/bloqueb.com\\\/wp-content\\\/uploads\\\/2024\\\/03\\\/CASA-VIVA-No.-120-009.jpg\"],\"wpOptions\":\"true\",\"links\":[[],[],[],[],[],[],[],[],[],[]]}; if(window.DFLIP && window.DFLIP.parseBooks){window.DFLIP.parseBooks();}<\/script>\n","protected":false},"excerpt":{"rendered":"<p>Este d\u00faplex fue intervenido con sensibilidad y car\u00e1cter, resaltando lo existente y sumando detalles que elevan la experiencia de habitarlo. Se pulieron los pisos y las escaleras de madera, y se retir\u00f3 la baranda para dar mayor ligereza visual al recorrido. La cocina conserv\u00f3 su distribuci\u00f3n original, pero fue revitalizada con nueva carpinter\u00eda, mientras que [&#8230;]\n","protected":false},"featured_media":865,"template":"","meta":{"_acf_changed":false,"h5ap_radio_sources":[],"_joinchat":[]},"product_brand":[],"product_cat":[17,29,34,22],"product_tag":[],"class_list":{"0":"post-856","1":"product","2":"type-product","3":"status-publish","4":"has-post-thumbnail","6":"product_cat-apartamentos","7":"product_cat-colombia","8":"product_cat-colombia-inicio","9":"product_cat-residencial","11":"first","12":"instock","13":"shipping-taxable","14":"product-type-simple"},"acf":[],"_links":{"self":[{"href":"https:\/\/bloqueb.com\/index.php\/wp-json\/wp\/v2\/product\/856","targetHints":{"allow":["GET"]}}],"collection":[{"href":"https:\/\/bloqueb.com\/index.php\/wp-json\/wp\/v2\/product"}],"about":[{"href":"https:\/\/bloqueb.com\/index.php\/wp-json\/wp\/v2\/types\/product"}],"wp:featuredmedia":[{"embeddable":true,"href":"https:\/\/bloqueb.com\/index.php\/wp-json\/wp\/v2\/media\/865"}],"wp:attachment":[{"href":"https:\/\/bloqueb.com\/index.php\/wp-json\/wp\/v2\/media?parent=856"}],"wp:term":[{"taxonomy":"product_brand","embeddable":true,"href":"https:\/\/bloqueb.com\/index.php\/wp-json\/wp\/v2\/product_brand?post=856"},{"taxonomy":"product_cat","embeddable":true,"href":"https:\/\/bloqueb.com\/index.php\/wp-json\/wp\/v2\/product_cat?post=856"},{"taxonomy":"product_tag","embeddable":true,"href":"https:\/\/bloqueb.com\/index.php\/wp-json\/wp\/v2\/product_tag?post=856"}],"curies":[{"name":"wp","href":"https:\/\/api.w.org\/{rel}","templated":true}]}}

<p data-start="178" data-end="675">Este dúplex fue intervenido con sensibilidad y carácter, resaltando lo existente y sumando detalles que elevan la experiencia de habitarlo. Se pulieron los pisos y las escaleras de madera, y se retiró la baranda para dar mayor ligereza visual al recorrido. La cocina conservó su distribución original, pero fue revitalizada con nueva carpintería, mientras que la chimenea a gas ganó protagonismo al enmarcarse con una textura de microcemento que la convierte en el centro cálido de la zona social.</p>
<p data-start="677" data-end="1149">En el segundo piso, la transformación fue total: se incorporó un cielo raso que aporta unidad y se diseñó una zona privada abierta e integrada, respondiendo al estilo de vida del cliente. El baño se conecta directamente con la habitación, y un muro detrás de la cama da forma a un vestier amplio, sin cerramientos, que aporta orden sin perder fluidez.</p>
<p><strong>Ficha Técnica:<br />
</strong><strong style="font-size: 14.4px;">Ubicación:</strong><span style="font-size: 14.4px;"> Bogotá – Colombia<br />
</span><strong style="font-size: 14.4px;">Área:</strong><span style="font-size: 14.4px;"> 110 m2 y terraza descubierta de 22m2<br />
</span><strong style="font-size: 14.4px;">Año:</strong><span style="font-size: 14.4px;"> 2010<br />
</span><strong style="font-size: 14.4px;">Tiempo:</strong><span style="font-size: 14.4px;"> 4 Meses<br />
</span><strong style="font-size: 14.4px;">Descripción:</strong><span style="font-size: 14.4px;"> Diseño Arquitectónico, Diseño de Interiores, Presupuesto y Construcción</span></p>
<p>&nbsp;</p>
<div class="_df_thumb " id="df_1280"  _slug="casa-viva-120" data-title="casa-viva-120" wpoptions="true" thumb="http://bloqueb.com/wp-content/uploads/2024/03/CASA-VIVA-No.-120-001.jpg" thumbtype="" >Casa Viva 120</div><script class="df-shortcode-script" nowprocket type="application/javascript">window.option_df_1280 = {"outline":[],"autoEnableOutline":"false","autoEnableThumbnail":"false","overwritePDFOutline":"false","direction":"1","pageSize":"0","source":["http:\/\/bloqueb.com\/wp-content\/uploads\/2024\/03\/CASA-VIVA-No.-120-001.jpg","http:\/\/bloqueb.com\/wp-content\/uploads\/2024\/03\/CASA-VIVA-No.-120-002.jpg","http:\/\/bloqueb.com\/wp-content\/uploads\/2024\/03\/CASA-VIVA-No.-120-003.jpg","http:\/\/bloqueb.com\/wp-content\/uploads\/2024\/03\/CASA-VIVA-No.-120-004.jpg","http:\/\/bloqueb.com\/wp-content\/uploads\/2024\/03\/CASA-VIVA-No.-120-005.jpg","http:\/\/bloqueb.com\/wp-content\/uploads\/2024\/03\/CASA-VIVA-No.-120-006.jpg","http:\/\/bloqueb.com\/wp-content\/uploads\/2024\/03\/CASA-VIVA-No.-120-007.jpg","http:\/\/bloqueb.com\/wp-content\/uploads\/2024\/03\/CASA-VIVA-No.-120-008.jpg","http:\/\/bloqueb.com\/wp-content\/uploads\/2024\/03\/CASA-VIVA-No.-120-009.jpg"],"wpOptions":"true","links":[[],[],[],[],[],[],[],[],[],[]]}; if(window.DFLIP && window.DFLIP.parseBooks){window.DFLIP.parseBooks();}</script>

<p>Este dúplex fue intervenido con sensibilidad y carácter, resaltando lo existente y sumando detalles que elevan la experiencia de habitarlo. Se pulieron los pisos y las escaleras de madera, y se retiró la baranda para dar mayor ligereza visual al recorrido. La cocina conservó su distribución original, pero fue revitalizada con nueva carpintería, mientras que [&#8230;]
